{"id":15,"date":"2012-02-12T18:49:58","date_gmt":"2012-02-12T18:49:58","guid":{"rendered":"http:\/\/www.colef.net\/eder\/?page_id=15"},"modified":"2012-02-15T00:29:10","modified_gmt":"2012-02-15T00:29:10","slug":"eder-2011","status":"publish","type":"page","link":"https:\/\/www.colef.mx\/eder\/?page_id=15","title":{"rendered":"2011 Segundo Levantamiento"},"content":{"rendered":"<p>\u00bfC\u00f3mo repercuti\u00f3 el descenso de la mortalidad y el aumento del divorcio en las posibilidades de convivencia de padres e hijos?, \u00bfCu\u00e1les son las repercusiones de diferentes secuencias de transici\u00f3n a la vida adulta en la ocurrencia de eventos posteriores del curso de vida? \u00bfEn qu\u00e9 medida el descenso de la fecundidad ha disminuido el tiempo dedicado a la crianza de los hijos durante la etapa preescolar? \u00bfCu\u00e1les son las interrelaciones entre la migraci\u00f3n y formaci\u00f3n de uniones? \u00bfHa modificado la difusi\u00f3n de la anticoncepci\u00f3n la organizaci\u00f3n temporal entre las etapas de la vida familiar y reproductiva? \u00bfCu\u00e1l es el peso del origen social en el acceso a las oportunidades laborales a lo largo de la trayectoria laboral? \u00bfC\u00f3mo se ha transformado el proceso de movilidad social entre generaciones?<\/p>\n<p>Estas preguntas de investigaci\u00f3n s\u00f3lo pueden ser abordadas con informaci\u00f3n longitudinal y biogr\u00e1fica. La informaci\u00f3n retrowp_ederectiva es una herramienta esencial para el an\u00e1lisis biogr\u00e1fico de interrelaciones entre fen\u00f3menos demogr\u00e1ficos. La Encuesta Demogr\u00e1fica Retrowp_ederectiva Nacional 2011 con su estudio de cohortes y su cuestionario de historia de vida, permite profundizar en el conocimiento de las transformaciones intergeneracionales de los procesos sociodemogr\u00e1ficos.<\/p>\n<p>Tem\u00e1ticas abordadas con la EDER 2011:<\/p>\n<ul>\n<li>Cambio demogr\u00e1fico y social<\/li>\n<li>Transici\u00f3n hacia la vida adulta<\/li>\n<li>Proceso de entrada en uni\u00f3n<\/li>\n<li>Transformaci\u00f3n de la fuerza de trabajo femenina<\/li>\n<li>Movilidad intergeneracional y desigualdad social<\/li>\n<\/ul>\n","protected":false},"excerpt":{"rendered":"<p>\u00bfC\u00f3mo repercuti\u00f3 el descenso de la mortalidad y el aumento del divorcio en las posibilidades de convivencia de padres e hijos?, \u00bfCu\u00e1les son las repercusiones de diferentes secuencias de transici\u00f3n a la vida adulta en la ocurrencia de eventos posteriores del curso de vida? \u00bfEn qu\u00e9 medida el descenso de la fecundidad ha disminuido el [&hellip;]<\/p>\n","protected":false},"author":1,"featured_media":0,"parent":0,"menu_order":0,"comment_status":"open","ping_status":"open","template":"","meta":{"footnotes":""},"class_list":["post-15","page","type-page","status-publish","hentry"],"_links":{"self":[{"href":"https:\/\/www.colef.mx\/eder\/index.php?rest_route=\/wp\/v2\/pages\/15"}],"collection":[{"href":"https:\/\/www.colef.mx\/eder\/index.php?rest_route=\/wp\/v2\/pages"}],"about":[{"href":"https:\/\/www.colef.mx\/eder\/index.php?rest_route=\/wp\/v2\/types\/page"}],"author":[{"embeddable":true,"href":"https:\/\/www.colef.mx\/eder\/index.php?rest_route=\/wp\/v2\/users\/1"}],"replies":[{"embeddable":true,"href":"https:\/\/www.colef.mx\/eder\/index.php?rest_route=%2Fwp%2Fv2%2Fcomments&post=15"}],"version-history":[{"count":4,"href":"https:\/\/www.colef.mx\/eder\/index.php?rest_route=\/wp\/v2\/pages\/15\/revisions"}],"predecessor-version":[{"id":143,"href":"https:\/\/www.colef.mx\/eder\/index.php?rest_route=\/wp\/v2\/pages\/15\/revisions\/143"}],"wp:attachment":[{"href":"https:\/\/www.colef.mx\/eder\/index.php?rest_route=%2Fwp%2Fv2%2Fmedia&parent=15"}],"curies":[{"name":"wp","href":"https:\/\/api.w.org\/{rel}","templated":true}]}}

<p>¿Cómo repercutió el descenso de la mortalidad y el aumento del divorcio en las posibilidades de convivencia de padres e hijos?, ¿Cuáles son las repercusiones de diferentes secuencias de transición a la vida adulta en la ocurrencia de eventos posteriores del curso de vida? ¿En qué medida el descenso de la fecundidad ha disminuido el tiempo dedicado a la crianza de los hijos durante la etapa preescolar? ¿Cuáles son las interrelaciones entre la migración y formación de uniones? ¿Ha modificado la difusión de la anticoncepción la organización temporal entre las etapas de la vida familiar y reproductiva? ¿Cuál es el peso del origen social en el acceso a las oportunidades laborales a lo largo de la trayectoria laboral? ¿Cómo se ha transformado el proceso de movilidad social entre generaciones?</p>
<p>Estas preguntas de investigación sólo pueden ser abordadas con información longitudinal y biográfica. La información retrowp_ederectiva es una herramienta esencial para el análisis biográfico de interrelaciones entre fenómenos demográficos. La Encuesta Demográfica Retrowp_ederectiva Nacional 2011 con su estudio de cohortes y su cuestionario de historia de vida, permite profundizar en el conocimiento de las transformaciones intergeneracionales de los procesos sociodemográficos.</p>
<p>Temáticas abordadas con la EDER 2011:</p>
<ul>
<li>Cambio demográfico y social</li>
<li>Transición hacia la vida adulta</li>
<li>Proceso de entrada en unión</li>
<li>Transformación de la fuerza de trabajo femenina</li>
<li>Movilidad intergeneracional y desigualdad social</li>
</ul>

<p>¿Cómo repercutió el descenso de la mortalidad y el aumento del divorcio en las posibilidades de convivencia de padres e hijos?, ¿Cuáles son las repercusiones de diferentes secuencias de transición a la vida adulta en la ocurrencia de eventos posteriores del curso de vida? ¿En qué medida el descenso de la fecundidad ha disminuido el [&hellip;]</p>
