{"id":129,"date":"2012-02-15T00:11:24","date_gmt":"2012-02-15T00:11:24","guid":{"rendered":"http:\/\/www.colef.net\/eder\/?page_id=129"},"modified":"2012-02-15T00:11:35","modified_gmt":"2012-02-15T00:11:35","slug":"metodologia-4","status":"publish","type":"page","link":"https:\/\/www.colef.mx\/eder\/?page_id=129","title":{"rendered":"Metodolog\u00eda"},"content":{"rendered":"<p>El levantamiento de la informaci\u00f3n se realiz\u00f3 del 8 de agosto al 18 de septiembre de 2011 en 32 ciudades del pa\u00eds, como m\u00f3dulo asociado a la Encuesta Nacional de Ocupaci\u00f3n y Empleo (ENOE). <\/p>\n<p><strong>La poblaci\u00f3n objetivo<\/strong> de la EDER-2011 est\u00e1 constituida por las cohortes nacidas en los a\u00f1os 1951-1953 y 1966-1968 (cohortes entrevistadas en la EDER 1998), as\u00ed como la cohorte nacida en los a\u00f1os 1978-80. Estas cohortes han tenido en 2011, 58-60, 43-45 y 31-33 a\u00f1os de edad, rewp_ederectivamente. Esta selecci\u00f3n de las cohortes no es arbitraria. En primer lugar, se opt\u00f3 por continuar con las cohortes entrevistadas en 1998, con el fin de profundizar con el conocimiento que se tiene de \u00e9stas, a\u00f1adiendo informaci\u00f3n sobre las edades m\u00e1s avanzadas de su curso de vida. Sin embargo se decidi\u00f3 no entrevistar la primera (nacida en 1936-38), que tuviera 73-75 a\u00f1os en 2011, pues es bien sabido que los errores de memoria se incrementan de manera significativa en las edades m\u00e1s avanzadas, as\u00ed como la selectividad. En segundo lugar, se eligi\u00f3 una nueva cohorte m\u00e1s joven, pero que no fuera menor de 30 a\u00f1os para tener un curso de vida que proporcione suficiente informaci\u00f3n en el cual las probabilidades individuales de haber iniciado el ciclo de vida familiar (primera uni\u00f3n y primer hijo) fueran altas. Adem\u00e1s incluir esta tercera cohorte permite estudiar una cohorte cuya transici\u00f3n hacia la vida haya ocurrido en la \u00faltima d\u00e9cada del siglo 20 y primera del 21; ello permite analizar los fen\u00f3menos demogr\u00e1ficos en el contexto hist\u00f3rico m\u00e1s reciente. De esta manera mantenemos la diversidad de cohortes que representa el comportamiento de la poblaci\u00f3n de M\u00e9xico en contextos muy variados del desarrollo econ\u00f3mico y social del pa\u00eds, y, a la vez, las experiencias de vida de estas cohortes construyen y relatan la historia reciente de M\u00e9xico.<\/p>\n","protected":false},"excerpt":{"rendered":"<p>El levantamiento de la informaci\u00f3n se realiz\u00f3 del 8 de agosto al 18 de septiembre de 2011 en 32 ciudades del pa\u00eds, como m\u00f3dulo asociado a la Encuesta Nacional de Ocupaci\u00f3n y Empleo (ENOE). La poblaci\u00f3n objetivo de la EDER-2011 est\u00e1 constituida por las cohortes nacidas en los a\u00f1os 1951-1953 y 1966-1968 (cohortes entrevistadas en [&hellip;]<\/p>\n","protected":false},"author":1,"featured_media":0,"parent":0,"menu_order":0,"comment_status":"open","ping_status":"open","template":"","meta":{"footnotes":""},"class_list":["post-129","page","type-page","status-publish","hentry"],"_links":{"self":[{"href":"https:\/\/www.colef.mx\/eder\/index.php?rest_route=\/wp\/v2\/pages\/129"}],"collection":[{"href":"https:\/\/www.colef.mx\/eder\/index.php?rest_route=\/wp\/v2\/pages"}],"about":[{"href":"https:\/\/www.colef.mx\/eder\/index.php?rest_route=\/wp\/v2\/types\/page"}],"author":[{"embeddable":true,"href":"https:\/\/www.colef.mx\/eder\/index.php?rest_route=\/wp\/v2\/users\/1"}],"replies":[{"embeddable":true,"href":"https:\/\/www.colef.mx\/eder\/index.php?rest_route=%2Fwp%2Fv2%2Fcomments&post=129"}],"version-history":[{"count":2,"href":"https:\/\/www.colef.mx\/eder\/index.php?rest_route=\/wp\/v2\/pages\/129\/revisions"}],"predecessor-version":[{"id":131,"href":"https:\/\/www.colef.mx\/eder\/index.php?rest_route=\/wp\/v2\/pages\/129\/revisions\/131"}],"wp:attachment":[{"href":"https:\/\/www.colef.mx\/eder\/index.php?rest_route=%2Fwp%2Fv2%2Fmedia&parent=129"}],"curies":[{"name":"wp","href":"https:\/\/api.w.org\/{rel}","templated":true}]}}

Metodología

<p>El levantamiento de la información se realizó del 8 de agosto al 18 de septiembre de 2011 en 32 ciudades del país, como módulo asociado a la Encuesta Nacional de Ocupación y Empleo (ENOE). </p>
<p><strong>La población objetivo</strong> de la EDER-2011 está constituida por las cohortes nacidas en los años 1951-1953 y 1966-1968 (cohortes entrevistadas en la EDER 1998), así como la cohorte nacida en los años 1978-80. Estas cohortes han tenido en 2011, 58-60, 43-45 y 31-33 años de edad, rewp_ederectivamente. Esta selección de las cohortes no es arbitraria. En primer lugar, se optó por continuar con las cohortes entrevistadas en 1998, con el fin de profundizar con el conocimiento que se tiene de éstas, añadiendo información sobre las edades más avanzadas de su curso de vida. Sin embargo se decidió no entrevistar la primera (nacida en 1936-38), que tuviera 73-75 años en 2011, pues es bien sabido que los errores de memoria se incrementan de manera significativa en las edades más avanzadas, así como la selectividad. En segundo lugar, se eligió una nueva cohorte más joven, pero que no fuera menor de 30 años para tener un curso de vida que proporcione suficiente información en el cual las probabilidades individuales de haber iniciado el ciclo de vida familiar (primera unión y primer hijo) fueran altas. Además incluir esta tercera cohorte permite estudiar una cohorte cuya transición hacia la vida haya ocurrido en la última década del siglo 20 y primera del 21; ello permite analizar los fenómenos demográficos en el contexto histórico más reciente. De esta manera mantenemos la diversidad de cohortes que representa el comportamiento de la población de México en contextos muy variados del desarrollo económico y social del país, y, a la vez, las experiencias de vida de estas cohortes construyen y relatan la historia reciente de México.</p>

<p>El levantamiento de la información se realizó del 8 de agosto al 18 de septiembre de 2011 en 32 ciudades del país, como módulo asociado a la Encuesta Nacional de Ocupación y Empleo (ENOE). La población objetivo de la EDER-2011 está constituida por las cohortes nacidas en los años 1951-1953 y 1966-1968 (cohortes entrevistadas en [&hellip;]</p>
