{"id":31,"date":"2023-03-29T17:24:44","date_gmt":"2023-03-30T00:24:44","guid":{"rendered":"http:\/\/www.colef.mx\/deap\/?page_id=31"},"modified":"2023-03-29T13:18:53","modified_gmt":"2023-03-29T20:18:53","slug":"proyectos-vigentes","status":"publish","type":"page","link":"https:\/\/www.colef.mx\/deap\/?page_id=31","title":{"rendered":"Proyectos de investigaci\u00f3n"},"content":{"rendered":"<p><span style=\"color: #800000;\">Proyectos\u00a0 en donde un investigador de la junta de profesores funge o fungi\u00f3 como responsable t\u00e9cnico o coordinador general<\/span><\/p>\n<ol>\n<li><span style=\"color: #333300;\">Jos\u00e9 Mar\u00eda Ramos, Gobernanza multidimensional y gesti\u00f3n de fronteras comparativas.<\/span><\/li>\n<li><span style=\"color: #333300;\">Vicente S\u00e1nchez, Los trasvases como dispositivos de desigualdad e inseguridad h\u00eddrica. Pr\u00e1cticas colectivas para la justicia h\u00eddrica. El Colegio de San Luis, UNAM, Universidad Aut\u00f3noma de Quer\u00e9taro. CONACYT.<\/span><\/li>\n<li><span style=\"color: #333300;\">Gerardo Ord\u00f3\u00f1ez, Informalidad y precariedad laboral en cuatro ciudades y zonas metropolitanas de M\u00e9xico. UNAM (CEIICH), UACJ y CEPAL (Participante). <\/span><\/li>\n<li><span style=\"color: #333300;\">Jos\u00e9 Mar\u00eda Ramos, Gobernanza multidimensional y gesti\u00f3n de fronteras comparativas.<\/span><\/li>\n<li><span style=\"color: #333300;\">Vicente S\u00e1nchez,\u00a0 Los trasvases como dispositivos de desigualdad e inseguridad h\u00eddrica. Pr\u00e1cticas colectivas para la justicia h\u00eddrica. El Colegio de San Luis, UNAM, Universidad Aut\u00f3noma de Quer\u00e9taro. CONACYT.<\/span><\/li>\n<li><span style=\"color: #333300;\">Gerardo Ord\u00f3\u00f1ez, Habitabilidad, entorno urbano y distanciamiento social. Una investigaci\u00f3n en ocho ciudades mexicanas ante COVID 19. UNAM-IIS.<\/span><\/li>\n<li><span style=\"color: #333300;\">Gerardo Ord\u00f3\u00f1ez, Ciudadan\u00eda, informalidad y precariedad\u00a0en las ciudades de M\u00e9xico y Am\u00e9rica Central. CEPAL y UNAM (CEIICH).<\/span><\/li>\n<\/ol>\n<p>&nbsp;<\/p>\n","protected":false},"excerpt":{"rendered":"<p>Proyectos\u00a0 en donde un investigador de la junta de profesores funge o fungi\u00f3 como responsable t\u00e9cnico o coordinador general Jos\u00e9 Mar\u00eda Ramos, Gobernanza multidimensional y gesti\u00f3n de fronteras comparativas. Vicente S\u00e1nchez, Los trasvases como dispositivos de desigualdad e inseguridad h\u00eddrica. Pr\u00e1cticas colectivas para la justicia h\u00eddrica. El Colegio de San Luis, UNAM, Universidad Aut\u00f3noma de [&hellip;]<\/p>\n","protected":false},"author":1,"featured_media":0,"parent":0,"menu_order":3,"comment_status":"closed","ping_status":"open","template":"","meta":{"footnotes":""},"class_list":["post-31","page","type-page","status-publish","hentry"],"_links":{"self":[{"href":"https:\/\/www.colef.mx\/deap\/index.php?rest_route=\/wp\/v2\/pages\/31","targetHints":{"allow":["GET"]}}],"collection":[{"href":"https:\/\/www.colef.mx\/deap\/index.php?rest_route=\/wp\/v2\/pages"}],"about":[{"href":"https:\/\/www.colef.mx\/deap\/index.php?rest_route=\/wp\/v2\/types\/page"}],"author":[{"embeddable":true,"href":"https:\/\/www.colef.mx\/deap\/index.php?rest_route=\/wp\/v2\/users\/1"}],"replies":[{"embeddable":true,"href":"https:\/\/www.colef.mx\/deap\/index.php?rest_route=%2Fwp%2Fv2%2Fcomments&post=31"}],"version-history":[{"count":36,"href":"https:\/\/www.colef.mx\/deap\/index.php?rest_route=\/wp\/v2\/pages\/31\/revisions"}],"predecessor-version":[{"id":1511,"href":"https:\/\/www.colef.mx\/deap\/index.php?rest_route=\/wp\/v2\/pages\/31\/revisions\/1511"}],"wp:attachment":[{"href":"https:\/\/www.colef.mx\/deap\/index.php?rest_route=%2Fwp%2Fv2%2Fmedia&parent=31"}],"curies":[{"name":"wp","href":"https:\/\/api.w.org\/{rel}","templated":true}]}}

Proyectos de investigación

<p><span style="color: #800000;">Proyectos  en donde un investigador de la junta de profesores funge o fungió como responsable técnico o coordinador general</span></p>
<ol>
<li><span style="color: #333300;">José María Ramos, Gobernanza multidimensional y gestión de fronteras comparativas.</span></li>
<li><span style="color: #333300;">Vicente Sánchez, Los trasvases como dispositivos de desigualdad e inseguridad hídrica. Prácticas colectivas para la justicia hídrica. El Colegio de San Luis, UNAM, Universidad Autónoma de Querétaro. CONACYT.</span></li>
<li><span style="color: #333300;">Gerardo Ordóñez, Informalidad y precariedad laboral en cuatro ciudades y zonas metropolitanas de México. UNAM (CEIICH), UACJ y CEPAL (Participante). </span></li>
<li><span style="color: #333300;">José María Ramos, Gobernanza multidimensional y gestión de fronteras comparativas.</span></li>
<li><span style="color: #333300;">Vicente Sánchez,  Los trasvases como dispositivos de desigualdad e inseguridad hídrica. Prácticas colectivas para la justicia hídrica. El Colegio de San Luis, UNAM, Universidad Autónoma de Querétaro. CONACYT.</span></li>
<li><span style="color: #333300;">Gerardo Ordóñez, Habitabilidad, entorno urbano y distanciamiento social. Una investigación en ocho ciudades mexicanas ante COVID 19. UNAM-IIS.</span></li>
<li><span style="color: #333300;">Gerardo Ordóñez, Ciudadanía, informalidad y precariedad en las ciudades de México y América Central. CEPAL y UNAM (CEIICH).</span></li>
</ol>
<p>&nbsp;</p>

<p>Proyectos  en donde un investigador de la junta de profesores funge o fungió como responsable técnico o coordinador general José María Ramos, Gobernanza multidimensional y gestión de fronteras comparativas. Vicente Sánchez, Los trasvases como dispositivos de desigualdad e inseguridad hídrica. Prácticas colectivas para la justicia hídrica. El Colegio de San Luis, UNAM, Universidad Autónoma de [&hellip;]</p>
